 + 267 = 0. What is the highest common divisor of 1825 and x?
73
Suppose -60 + 58 = 3*c - 272. Calculate the greatest common factor of 666 and c.
18
Let p(d) = -1. Let m(i) = -10*i - 16. Let v(s) = -2*m(s) - 14*p(s). Let j be v(4). Calculate the greatest common divisor of 28 and j.
14
Suppose -11*o = -10*o - 2. Let u be o*6/((-24)/(-10)). Suppose -u*g + 3*g - 148 = -4*a, 0 = 3*a + 4*g - 133. Calculate the highest common factor of 13 and a.
13
Suppose -2 = 11*u - 188 - 111. What is the highest common factor of u and 1329?
3
Suppose 3*t - 22*d + 20*d - 318 = 0, 5*t = -2*d + 546. What is the greatest common divisor of t and 576?
36
Suppose -8*c = -c - 5558. Suppose 3*k = -z + 1186, k - 3*k + c = 4*z. Calculate the highest common divisor of k and 158.
79
Let c(m) = m**3 + 4*m**2 - 19*m + 19. Let h be c(-7). Calculate the highest common divisor of 520 and h.
5
Suppose 0 = 5*c + 45 - 70. Suppose -4*z = -c*j + 2023, -5*j + z = 4*z - 2044. What is the highest common factor of j and 11?
11
Let g = 4 - 4. Suppose 0 = -p + 4*p + 15, 5*b + 4*p - 60 = g. Let y(i) = 2099*i - 77487. Let t be y(37). What is the highest common factor of t and b?
16
Suppose -17206 + 2982 = -127*j. What is the highest common divisor of 160 and j?
16
Let a(c) be the third derivative of 47*c**4/6 - 2*c**3 + 3*c**2 + 4. Let t be a(2). Calculate the highest common factor of 26 and t.
26
Suppose -j = 2*j - 27. Let p = 1699 + -1687. Calculate the highest common divisor of j and p.
3
Let j be 1185/(-7) - 2/(-7). Let r = j + 172. What is the highest common factor of r and 1?
1
Suppose 0 = -3*y + 3*w + 26793, 0 = -3*y + 5*w - 6501 + 33276. What is the greatest common factor of y and 15?
15
Let g = -57 - -63. Suppose -3*c + 2 = 2*q, -c - 2*q + 5*q = -8. Suppose -2*z + c*h = h - 86, -3*z = 3*h - 120. What is the highest common divisor of z and g?
6
Let x(k) = 12*k**2 - 23*k + 1. Let u be x(3). Suppose -2*q = -19 + 3. What is the highest common factor of q and u?
8
Let p = -380 - -822. What is the greatest common divisor of p and 238?
34
Let a = -4104 - -4552. Calculate the highest common divisor of 192 and a.
64
Let z be (7 - 28/7) + 5469. Suppose -10*c + z = -2*c. What is the greatest common factor of c and 36?
36
Let b be (-37)/((-2960)/1297984) - 4/(-20). Calculate the highest common divisor of 275 and b.
275
Let g(n) = -73*n + 6. Let d be g(-2). Suppose y - d = -y. Let x = y + -19. What is the greatest common divisor of x and 38?
19
Let a = 27 + 39. Let p = a + -61. Suppose -2*l = -p*l + 36. Calculate the greatest common divisor of l and 12.
12
Suppose 12*p + 68 - 20 = 0. Let s(x) = -2*x**3 - x**2 + 2*x + 6. Let h be s(p). Calculate the greatest common divisor of h and 50.
10
Let f be 2 + 18/2 + 1. Suppose -c - 13 = -4*w, -4*c - 13 = -3*w - 0. Let x(s) = 48*s - 36. Let l be x(w). What is the highest common divisor of l and f?
12
Let p(d) be the third derivative of d**6/120 - d**5/3 - d**4/24 + 20*d**3/3 + 10*d**2. Let f be p(20). What is the greatest common divisor of f and 220?
20
Let j(h) = -28*h**2 + 39*h + 237. Let d(t) = 13*t**2 - 20*t - 119. Let r(l) = 13*d(l) + 6*j(l). Let w be r(-5). What is the highest common divisor of 960 and w?
30
Let d(o) = o**3 + 4*o**2 - 13*o - 35. Let w be d(-5). Suppose 21 = a + w*g, 9*a + 66 = 11*a + 4*g. Calculate the greatest common factor of a and 287.
41
Suppose 0 = 3*t - 56*v + 54*v - 41819, 3*t - 41791 = -5*v. What is the greatest common factor of t and 181?
181
Suppose 0 = 13*o - 263 - 465. Suppose -2*u = 4*t - o, -3*u - t = t - 92. Calculate the greatest common factor of u and 64.
32
Let f = 6082 + -6022. What is the highest common factor of 2020 and f?
20
Let k be -8 + 0 + 5 - -11. Suppose -4*w + k*w - 164 = 0. Calculate the greatest common divisor of 41 and w.
41
Let j be 2172/8*(1 + (-14)/6). Let q = 380 + j. Suppose 0 = -3*l + 1 + 17. Calculate the greatest common factor of l and q.
6
Let v be (10 - 6)*((-6)/4 + 2). Let a be v + (-234)/((-54)/6). Calculate the greatest common factor of 161 and a.
7
Let o(n) = -37*n - 120. Let x be o(-6). Calculate the greatest common divisor of x and 18.
6
Let k = 1566 - 1515. Calculate the highest common factor of 2550 and k.
51
Let h = -6670 + 6751. Let t be 3 + 1618 - (1 + 0). Calculate the highest common divisor of t and h.
81
Let c(w) = 5*w - 18. Let x = 44 + -44. Suppose -5*a - 5*g = x, -3*a - 2*g + 4 = -0*g. Let b be c(a). What is the highest common factor of b and 18?
2
Suppose 5*q + 102 = -163. Let f = 133 + q. Suppose 4*z + 0*z = n - 40, -2*z = n - 28. What is the greatest common factor of n and f?
16
Let r = 24 + -31. Let x(z) = z**3 + 6*z**2 - 9*z. Let h be x(r). Let d(o) = o + 16. Let t be d(5). Calculate the highest common factor of t and h.
7
Let t be (24/14)/((-3)/126*-12). Let a = 66 + -44. What is the highest common divisor of t and a?
2
Let v = 167 - 31. Suppose 9*w - 1392 = -105. Let z = w - 109. Calculate the greatest common divisor of v and z.
34
Let i(l) = l**2 + 6*l + 8. Let q be i(-2). Suppose -18*s + 295 + 515 = q. Calculate the highest common factor of s and 25.
5
Suppose 560 = -29*o + 36*o. Suppose 2*n = 4*d - 3*d + 60, 3*n = -d + o. Calculate the greatest common divisor of n and 224.
28
Let x(h) = h**2 - 11*h + 16. Let o be x(11). Let u = o - 2. Suppose 54 = -u*r + 17*r. What is the greatest common factor of 144 and r?
18
Let j = -239 + 275. Suppose j = n - 2*u, n = -2*u + 18 + 38. Calculate the greatest common factor of n and 322.
46
Suppose -12*m - 63 - 9 = 0. Let t be (-632)/m + (2 - (-30)/(-9)). Suppose 21 + 5 = 2*r. What is the greatest common factor of r and t?
13
Let p(s) be the first derivative of 11*s**2 - 6*s - 5. Let t be p(6). Calculate the highest common divisor of t and 14.
14
Let a be (2 - 32/6)*22968/(-580). Calculate the greatest common divisor of 957 and a.
33
Let f(i) = -184*i + 9749. Let k be f(46). Calculate the highest common factor of k and 10.
5
Suppose -2*r + 12160 = -0*r + 14*r. Calculate the highest common factor of r and 136.
8
Suppose w - 67 + 7 = 0. Let k(m) = 57*m**3 - 11*m**2 - 16 + 4*m - 58*m**3 + 0*m + 18*m**2. Let z be k(7). What is the highest common factor of w and z?
12
Let l be 15*1/((-15)/(-40)). Suppose l*r - 35*r = -75. Let t be 8*(r/(-6))/5. What is the highest common divisor of 10 and t?
2
Let t be (-510)/(-135) - 4 - (-6590)/9. Calculate the highest common factor of t and 36.
12
Let m be (5/4)/(10/600). Let s be (-2)/(-6) - (2 + 5/(-3)). Suppose s = -a + 7*a - 300. What is the highest common divisor of m and a?
25
Suppose 31*y - 1110 = 1959. What is the greatest common factor of 539 and y?
11
Suppose z + 0*j = -j + 3, 5*j = -10. Suppose z + 335 = 17*y. Let b(a) = -14*a + 4. Let w be b(-4). Calculate the greatest common divisor of y and w.
20
Let h(c) = -c**2 - 78*c - 387. Let m be h(-72). What is the highest common divisor of 3435 and m?
15
Let d(j) = j**2 + 2*j + 2. Let k be d(-2). Let a be (-5)/(5/2) - -2. Suppose -k*g + 68 = -a*g. Calculate the greatest common factor of g and 51.
17
Suppose -267 = -4*x + 13. Let f(z) = -z**2 - 55*z - 736. Let i be f(-27). Calculate the highest common divisor of i and x.
10
Let x(y) = 4*y - 45. Let l(v) = 13*v**2 + v + 1. Suppose -44*b + 4 = -48*b. Let s be l(b). Let w be x(s). What is the highest common factor of w and 1?
1
Let u(l) = -l**3 - 2*l**2 + 11*l - 6. Let a be u(-5). Let g = 42 - 33. Suppose -s = k - g, 2*k + 2*k = s - 34. Calculate the highest common divisor of a and s.
14
Let d be ((-66)/8)/(13/(-52)). Let q be 1 + -3 + 95 + 6 + -11. What is the highest common divisor of d and q?
11
Let u be (52/8 + -6)/((-2)/(-456)). Let g = -289 - -295. Calculate the greatest common divisor of u and g.
6
Suppose 7 - 24 = 17*a. Let p be (6 + 3 + -174)/(a + 0). Calculate the highest common divisor of 33 and p.
33
Let p(h) = 2*h**2 + 16*h + 37. Let a be p(-4). Suppose k + a*y - 1259 + 257 = 0, 5*k - 4*y = 4952. Calculate the highest common factor of k and 31.
31
Let w(i) = 3*i - 37. Let n be w(13). Suppose 0 = b - 2*b + 3*u - 15, 3*b = n*u - 59. Let r be -4 + (5 - b/3). What is the greatest common factor of 72 and r?
8
Suppose -3*b + 5*b = -5*x + 283, 0 = 5*b + 5. What is the greatest common factor of x and 1767?
57
Let d(b) = -2*b**2 - 153*b + 82. Let i be d(-77). Calculate the greatest common fac